{"id":446,"date":"2024-10-17T14:34:11","date_gmt":"2024-10-17T14:34:11","guid":{"rendered":"https:\/\/www.ylojarventaideyhdistys.fi\/?page_id=446"},"modified":"2024-10-17T14:44:36","modified_gmt":"2024-10-17T14:44:36","slug":"sallinen-janne","status":"publish","type":"page","link":"https:\/\/www.ylojarventaideyhdistys.fi\/index.php\/sallinen-janne\/","title":{"rendered":"Sallinen Janne"},"content":{"rendered":"\n<p>Olen lyijykyn\u00e4piirroksiin erikoistunut taiteilija. Kuvataiteissa olen keskittynyt fotorealistisiin lyijykyn\u00e4t\u00f6ihin. Eli pyrin saamaan teokset mahdollisimman paljon valokuvan n\u00e4k\u00f6iseksi. Jotkut t\u00f6ist\u00e4ni ovat fotorealismin keinoin tehtyj\u00e4 abstraktimpia kuvia. Olen pit\u00e4nyt muutaman n\u00e4yttelyn.&nbsp;<\/p>\n\n\n\n<p>Harrastan my\u00f6s valokuvausta. Erityisesti maisemakuvaus on mieluista. Vuonna 2023 pidin luontokuvistani valokuvan\u00e4yttelyn Seitsemisen luontokeskuksessa. Lis\u00e4ksi maisemakuviani on julkaistu Yl\u00f6j\u00e4rven uutisissa.Yksi taiteen alan harrastuksistani on n\u00e4ytteleminen. Olen n\u00e4ytellyt kolmessa eri teatteriesityksess\u00e4 Yl\u00f6j\u00e4rvell\u00e4. Lis\u00e4ksi olen ollut avustajana yhdess\u00e4 Tampereella kuvatussa kansainv\u00e4lisess\u00e4 produktiossa.<\/p>\n\n\n\n<p><a href=\"https:\/\/www.instagram.com\/jannesallinenofficial\">https:\/\/www.instagram.com\/jannesallinenofficial<\/a><\/p>\n\n\n\n<figure class=\"wp-block-gallery has-nested-images columns-default is-cropped wp-block-gallery-1 is-layout-flex wp-block-gallery-is-layout-flex\">\n<figure class=\"wp-block-image size-large\"><img loading=\"lazy\" decoding=\"async\" width=\"1024\" height=\"768\" data-id=\"445\" src=\"https:\/\/www.ylojarventaideyhdistys.fi\/wp-content\/uploads\/2024\/10\/IMG_20240630_0311302-1024x768.jpg\" alt=\"\" class=\"wp-image-445\" srcset=\"https:\/\/www.ylojarventaideyhdistys.fi\/wp-content\/uploads\/2024\/10\/IMG_20240630_0311302-1024x768.jpg 1024w, https:\/\/www.ylojarventaideyhdistys.fi\/wp-content\/uploads\/2024\/10\/IMG_20240630_0311302-300x225.jpg 300w, https:\/\/www.ylojarventaideyhdistys.fi\/wp-content\/uploads\/2024\/10\/IMG_20240630_0311302-768x576.jpg 768w, https:\/\/www.ylojarventaideyhdistys.fi\/wp-content\/uploads\/2024\/10\/IMG_20240630_0311302-1536x1152.jpg 1536w, https:\/\/www.ylojarventaideyhdistys.fi\/wp-content\/uploads\/2024\/10\/IMG_20240630_0311302-2048x1536.jpg 2048w\" sizes=\"auto, (max-width: 1024px) 100vw, 1024px\" \/><\/figure>\n\n\n\n<figure class=\"wp-block-image size-large\"><img loading=\"lazy\" decoding=\"async\" width=\"1024\" height=\"682\" data-id=\"443\" src=\"https:\/\/www.ylojarventaideyhdistys.fi\/wp-content\/uploads\/2024\/10\/2_DSC5858-1024x682.jpg\" alt=\"\" class=\"wp-image-443\" srcset=\"https:\/\/www.ylojarventaideyhdistys.fi\/wp-content\/uploads\/2024\/10\/2_DSC5858-1024x682.jpg 1024w, https:\/\/www.ylojarventaideyhdistys.fi\/wp-content\/uploads\/2024\/10\/2_DSC5858-300x200.jpg 300w, https:\/\/www.ylojarventaideyhdistys.fi\/wp-content\/uploads\/2024\/10\/2_DSC5858-768x512.jpg 768w, https:\/\/www.ylojarventaideyhdistys.fi\/wp-content\/uploads\/2024\/10\/2_DSC5858-1536x1023.jpg 1536w, https:\/\/www.ylojarventaideyhdistys.fi\/wp-content\/uploads\/2024\/10\/2_DSC5858.jpg 1920w\" sizes=\"auto, (max-width: 1024px) 100vw, 1024px\" \/><\/figure>\n<\/figure>\n\n\n\n<figure class=\"wp-block-gallery has-nested-images columns-default is-cropped wp-block-gallery-2 is-layout-flex wp-block-gallery-is-layout-flex\">\n<figure class=\"wp-block-image size-large\"><img loading=\"lazy\" decoding=\"async\" width=\"722\" height=\"1024\" data-id=\"447\" src=\"https:\/\/www.ylojarventaideyhdistys.fi\/wp-content\/uploads\/2024\/10\/IMG_20240912_215704-722x1024.jpg\" alt=\"\" class=\"wp-image-447\" srcset=\"https:\/\/www.ylojarventaideyhdistys.fi\/wp-content\/uploads\/2024\/10\/IMG_20240912_215704-722x1024.jpg 722w, https:\/\/www.ylojarventaideyhdistys.fi\/wp-content\/uploads\/2024\/10\/IMG_20240912_215704-212x300.jpg 212w, https:\/\/www.ylojarventaideyhdistys.fi\/wp-content\/uploads\/2024\/10\/IMG_20240912_215704-768x1089.jpg 768w, https:\/\/www.ylojarventaideyhdistys.fi\/wp-content\/uploads\/2024\/10\/IMG_20240912_215704-1083x1536.jpg 1083w, https:\/\/www.ylojarventaideyhdistys.fi\/wp-content\/uploads\/2024\/10\/IMG_20240912_215704-1444x2048.jpg 1444w, https:\/\/www.ylojarventaideyhdistys.fi\/wp-content\/uploads\/2024\/10\/IMG_20240912_215704-scaled.jpg 1805w\" sizes=\"auto, (max-width: 722px) 100vw, 722px\" \/><\/figure>\n\n\n\n<figure class=\"wp-block-image size-large\"><img loading=\"lazy\" decoding=\"async\" width=\"768\" height=\"1024\" data-id=\"444\" src=\"https:\/\/www.ylojarventaideyhdistys.fi\/wp-content\/uploads\/2024\/10\/IMG_20231209_122012-768x1024.jpg\" alt=\"\" class=\"wp-image-444\" srcset=\"https:\/\/www.ylojarventaideyhdistys.fi\/wp-content\/uploads\/2024\/10\/IMG_20231209_122012-768x1024.jpg 768w, https:\/\/www.ylojarventaideyhdistys.fi\/wp-content\/uploads\/2024\/10\/IMG_20231209_122012-225x300.jpg 225w, https:\/\/www.ylojarventaideyhdistys.fi\/wp-content\/uploads\/2024\/10\/IMG_20231209_122012-scaled.jpg 1920w\" sizes=\"auto, (max-width: 768px) 100vw, 768px\" \/><\/figure>\n\n\n\n<figure class=\"wp-block-image size-large\"><img loading=\"lazy\" decoding=\"async\" width=\"682\" height=\"1024\" data-id=\"442\" src=\"https:\/\/www.ylojarventaideyhdistys.fi\/wp-content\/uploads\/2024\/10\/DSC5846-682x1024.jpg\" alt=\"\" class=\"wp-image-442\" srcset=\"https:\/\/www.ylojarventaideyhdistys.fi\/wp-content\/uploads\/2024\/10\/DSC5846-682x1024.jpg 682w, https:\/\/www.ylojarventaideyhdistys.fi\/wp-content\/uploads\/2024\/10\/DSC5846-200x300.jpg 200w, https:\/\/www.ylojarventaideyhdistys.fi\/wp-content\/uploads\/2024\/10\/DSC5846-768x1153.jpg 768w, https:\/\/www.ylojarventaideyhdistys.fi\/wp-content\/uploads\/2024\/10\/DSC5846-1023x1536.jpg 1023w, https:\/\/www.ylojarventaideyhdistys.fi\/wp-content\/uploads\/2024\/10\/DSC5846.jpg 1332w\" sizes=\"auto, (max-width: 682px) 100vw, 682px\" \/><\/figure>\n<\/figure>\n","protected":false},"excerpt":{"rendered":"<p>Olen lyijykyn\u00e4piirroksiin erikoistunut taiteilija. Kuvataiteissa olen keskittynyt fotorealistisiin lyijykyn\u00e4t\u00f6ihin. Eli pyrin saamaan teokset mahdollisimman paljon valokuvan n\u00e4k\u00f6iseksi. Jotkut t\u00f6ist\u00e4ni ovat fotorealismin keinoin tehtyj\u00e4 abstraktimpia kuvia. Olen pit\u00e4nyt muutaman n\u00e4yttelyn.&nbsp; Harrastan my\u00f6s valokuvausta. Erityisesti maisemakuvaus on mieluista. Vuonna 2023 pidin luontokuvistani valokuvan\u00e4yttelyn Seitsemisen luontokeskuksessa. Lis\u00e4ksi maisemakuviani [&hellip;]<\/p>\n","protected":false},"author":1,"featured_media":0,"parent":0,"menu_order":0,"comment_status":"closed","ping_status":"closed","template":"","meta":{"footnotes":""},"class_list":["post-446","page","type-page","status-publish","hentry"],"yoast_head":"<!-- This site is optimized with the Yoast SEO plugin v26.9 - https:\/\/yoast.com\/product\/yoast-seo-wordpress\/ -->\n<title>Sallinen Janne - Yl&ouml;j&auml;rven Taideyhdistys ry<\/title>\n<meta name=\"robots\" content=\"index, follow, max-snippet:-1, max-image-preview:large, max-video-preview:-1\" \/>\n<link rel=\"canonical\" href=\"https:\/\/www.ylojarventaideyhdistys.fi\/index.php\/sallinen-janne\/\" \/>\n<meta property=\"og:locale\" content=\"fi_FI\" \/>\n<meta property=\"og:type\" content=\"article\" \/>\n<meta property=\"og:title\" content=\"Sallinen Janne - Yl&ouml;j&auml;rven Taideyhdistys ry\" \/>\n<meta property=\"og:description\" content=\"Olen lyijykyn\u00e4piirroksiin erikoistunut taiteilija. Kuvataiteissa olen keskittynyt fotorealistisiin lyijykyn\u00e4t\u00f6ihin. Eli pyrin saamaan teokset mahdollisimman paljon valokuvan n\u00e4k\u00f6iseksi. Jotkut t\u00f6ist\u00e4ni ovat fotorealismin keinoin tehtyj\u00e4 abstraktimpia kuvia. Olen pit\u00e4nyt muutaman n\u00e4yttelyn.&nbsp; Harrastan my\u00f6s valokuvausta. Erityisesti maisemakuvaus on mieluista. Vuonna 2023 pidin luontokuvistani valokuvan\u00e4yttelyn Seitsemisen luontokeskuksessa. Lis\u00e4ksi maisemakuviani [&hellip;]\" \/>\n<meta property=\"og:url\" content=\"https:\/\/www.ylojarventaideyhdistys.fi\/index.php\/sallinen-janne\/\" \/>\n<meta property=\"og:site_name\" content=\"Yl&ouml;j&auml;rven Taideyhdistys ry\" \/>\n<meta property=\"article:modified_time\" content=\"2024-10-17T14:44:36+00:00\" \/>\n<meta property=\"og:image\" content=\"https:\/\/www.ylojarventaideyhdistys.fi\/wp-content\/uploads\/2024\/10\/IMG_20240630_0311302-1024x768.jpg\" \/>\n<meta name=\"twitter:card\" content=\"summary_large_image\" \/>\n<meta name=\"twitter:label1\" content=\"Arvioitu lukuaika\" \/>\n\t<meta name=\"twitter:data1\" content=\"1 minuutti\" \/>\n<script type=\"application\/ld+json\" class=\"yoast-schema-graph\">{\"@context\":\"https:\/\/schema.org\",\"@graph\":[{\"@type\":\"WebPage\",\"@id\":\"https:\/\/www.ylojarventaideyhdistys.fi\/index.php\/sallinen-janne\/\",\"url\":\"https:\/\/www.ylojarventaideyhdistys.fi\/index.php\/sallinen-janne\/\",\"name\":\"Sallinen Janne - Yl&ouml;j&auml;rven Taideyhdistys ry\",\"isPartOf\":{\"@id\":\"https:\/\/www.ylojarventaideyhdistys.fi\/#website\"},\"primaryImageOfPage\":{\"@id\":\"https:\/\/www.ylojarventaideyhdistys.fi\/index.php\/sallinen-janne\/#primaryimage\"},\"image\":{\"@id\":\"https:\/\/www.ylojarventaideyhdistys.fi\/index.php\/sallinen-janne\/#primaryimage\"},\"thumbnailUrl\":\"https:\/\/www.ylojarventaideyhdistys.fi\/wp-content\/uploads\/2024\/10\/IMG_20240630_0311302-1024x768.jpg\",\"datePublished\":\"2024-10-17T14:34:11+00:00\",\"dateModified\":\"2024-10-17T14:44:36+00:00\",\"breadcrumb\":{\"@id\":\"https:\/\/www.ylojarventaideyhdistys.fi\/index.php\/sallinen-janne\/#breadcrumb\"},\"inLanguage\":\"fi\",\"potentialAction\":[{\"@type\":\"ReadAction\",\"target\":[\"https:\/\/www.ylojarventaideyhdistys.fi\/index.php\/sallinen-janne\/\"]}]},{\"@type\":\"ImageObject\",\"inLanguage\":\"fi\",\"@id\":\"https:\/\/www.ylojarventaideyhdistys.fi\/index.php\/sallinen-janne\/#primaryimage\",\"url\":\"https:\/\/www.ylojarventaideyhdistys.fi\/wp-content\/uploads\/2024\/10\/IMG_20240630_0311302-scaled.jpg\",\"contentUrl\":\"https:\/\/www.ylojarventaideyhdistys.fi\/wp-content\/uploads\/2024\/10\/IMG_20240630_0311302-scaled.jpg\",\"width\":2560,\"height\":1920},{\"@type\":\"BreadcrumbList\",\"@id\":\"https:\/\/www.ylojarventaideyhdistys.fi\/index.php\/sallinen-janne\/#breadcrumb\",\"itemListElement\":[{\"@type\":\"ListItem\",\"position\":1,\"name\":\"Etusivu\",\"item\":\"https:\/\/www.ylojarventaideyhdistys.fi\/\"},{\"@type\":\"ListItem\",\"position\":2,\"name\":\"Sallinen Janne\"}]},{\"@type\":\"WebSite\",\"@id\":\"https:\/\/www.ylojarventaideyhdistys.fi\/#website\",\"url\":\"https:\/\/www.ylojarventaideyhdistys.fi\/\",\"name\":\"Yl&ouml;j&auml;rven Taideyhdistys ry\",\"description\":\"- poikkitaiteellinen yhdistys -\",\"potentialAction\":[{\"@type\":\"SearchAction\",\"target\":{\"@type\":\"EntryPoint\",\"urlTemplate\":\"https:\/\/www.ylojarventaideyhdistys.fi\/?s={search_term_string}\"},\"query-input\":{\"@type\":\"PropertyValueSpecification\",\"valueRequired\":true,\"valueName\":\"search_term_string\"}}],\"inLanguage\":\"fi\"}]}<\/script>\n<!-- \/ Yoast SEO plugin. -->","yoast_head_json":{"title":"Sallinen Janne - Yl&ouml;j&auml;rven Taideyhdistys ry","robots":{"index":"index","follow":"follow","max-snippet":"max-snippet:-1","max-image-preview":"max-image-preview:large","max-video-preview":"max-video-preview:-1"},"canonical":"https:\/\/www.ylojarventaideyhdistys.fi\/index.php\/sallinen-janne\/","og_locale":"fi_FI","og_type":"article","og_title":"Sallinen Janne - Yl&ouml;j&auml;rven Taideyhdistys ry","og_description":"Olen lyijykyn\u00e4piirroksiin erikoistunut taiteilija. Kuvataiteissa olen keskittynyt fotorealistisiin lyijykyn\u00e4t\u00f6ihin. Eli pyrin saamaan teokset mahdollisimman paljon valokuvan n\u00e4k\u00f6iseksi. Jotkut t\u00f6ist\u00e4ni ovat fotorealismin keinoin tehtyj\u00e4 abstraktimpia kuvia. Olen pit\u00e4nyt muutaman n\u00e4yttelyn.&nbsp; Harrastan my\u00f6s valokuvausta. Erityisesti maisemakuvaus on mieluista. Vuonna 2023 pidin luontokuvistani valokuvan\u00e4yttelyn Seitsemisen luontokeskuksessa. Lis\u00e4ksi maisemakuviani [&hellip;]","og_url":"https:\/\/www.ylojarventaideyhdistys.fi\/index.php\/sallinen-janne\/","og_site_name":"Yl&ouml;j&auml;rven Taideyhdistys ry","article_modified_time":"2024-10-17T14:44:36+00:00","og_image":[{"url":"https:\/\/www.ylojarventaideyhdistys.fi\/wp-content\/uploads\/2024\/10\/IMG_20240630_0311302-1024x768.jpg","type":"","width":"","height":""}],"twitter_card":"summary_large_image","twitter_misc":{"Arvioitu lukuaika":"1 minuutti"},"schema":{"@context":"https:\/\/schema.org","@graph":[{"@type":"WebPage","@id":"https:\/\/www.ylojarventaideyhdistys.fi\/index.php\/sallinen-janne\/","url":"https:\/\/www.ylojarventaideyhdistys.fi\/index.php\/sallinen-janne\/","name":"Sallinen Janne - Yl&ouml;j&auml;rven Taideyhdistys ry","isPartOf":{"@id":"https:\/\/www.ylojarventaideyhdistys.fi\/#website"},"primaryImageOfPage":{"@id":"https:\/\/www.ylojarventaideyhdistys.fi\/index.php\/sallinen-janne\/#primaryimage"},"image":{"@id":"https:\/\/www.ylojarventaideyhdistys.fi\/index.php\/sallinen-janne\/#primaryimage"},"thumbnailUrl":"https:\/\/www.ylojarventaideyhdistys.fi\/wp-content\/uploads\/2024\/10\/IMG_20240630_0311302-1024x768.jpg","datePublished":"2024-10-17T14:34:11+00:00","dateModified":"2024-10-17T14:44:36+00:00","breadcrumb":{"@id":"https:\/\/www.ylojarventaideyhdistys.fi\/index.php\/sallinen-janne\/#breadcrumb"},"inLanguage":"fi","potentialAction":[{"@type":"ReadAction","target":["https:\/\/www.ylojarventaideyhdistys.fi\/index.php\/sallinen-janne\/"]}]},{"@type":"ImageObject","inLanguage":"fi","@id":"https:\/\/www.ylojarventaideyhdistys.fi\/index.php\/sallinen-janne\/#primaryimage","url":"https:\/\/www.ylojarventaideyhdistys.fi\/wp-content\/uploads\/2024\/10\/IMG_20240630_0311302-scaled.jpg","contentUrl":"https:\/\/www.ylojarventaideyhdistys.fi\/wp-content\/uploads\/2024\/10\/IMG_20240630_0311302-scaled.jpg","width":2560,"height":1920},{"@type":"BreadcrumbList","@id":"https:\/\/www.ylojarventaideyhdistys.fi\/index.php\/sallinen-janne\/#breadcrumb","itemListElement":[{"@type":"ListItem","position":1,"name":"Etusivu","item":"https:\/\/www.ylojarventaideyhdistys.fi\/"},{"@type":"ListItem","position":2,"name":"Sallinen Janne"}]},{"@type":"WebSite","@id":"https:\/\/www.ylojarventaideyhdistys.fi\/#website","url":"https:\/\/www.ylojarventaideyhdistys.fi\/","name":"Yl&ouml;j&auml;rven Taideyhdistys ry","description":"- poikkitaiteellinen yhdistys -","potentialAction":[{"@type":"SearchAction","target":{"@type":"EntryPoint","urlTemplate":"https:\/\/www.ylojarventaideyhdistys.fi\/?s={search_term_string}"},"query-input":{"@type":"PropertyValueSpecification","valueRequired":true,"valueName":"search_term_string"}}],"inLanguage":"fi"}]}},"_links":{"self":[{"href":"https:\/\/www.ylojarventaideyhdistys.fi\/index.php\/wp-json\/wp\/v2\/pages\/446","targetHints":{"allow":["GET"]}}],"collection":[{"href":"https:\/\/www.ylojarventaideyhdistys.fi\/index.php\/wp-json\/wp\/v2\/pages"}],"about":[{"href":"https:\/\/www.ylojarventaideyhdistys.fi\/index.php\/wp-json\/wp\/v2\/types\/page"}],"author":[{"embeddable":true,"href":"https:\/\/www.ylojarventaideyhdistys.fi\/index.php\/wp-json\/wp\/v2\/users\/1"}],"replies":[{"embeddable":true,"href":"https:\/\/www.ylojarventaideyhdistys.fi\/index.php\/wp-json\/wp\/v2\/comments?post=446"}],"version-history":[{"count":2,"href":"https:\/\/www.ylojarventaideyhdistys.fi\/index.php\/wp-json\/wp\/v2\/pages\/446\/revisions"}],"predecessor-version":[{"id":452,"href":"https:\/\/www.ylojarventaideyhdistys.fi\/index.php\/wp-json\/wp\/v2\/pages\/446\/revisions\/452"}],"wp:attachment":[{"href":"https:\/\/www.ylojarventaideyhdistys.fi\/index.php\/wp-json\/wp\/v2\/media?parent=446"}],"curies":[{"name":"wp","href":"https:\/\/api.w.org\/{rel}","templated":true}]}}